ppose 0 = -1535*s + 1541*s - 4848. What is the tens digit of s?
0
Let v(n) = n + 1. Let z be v(-4). Let d = 25 - z. What is the units digit of d?
8
Suppose 4*w = 2*w + 16. Suppose -2*d - 3*d - 2*q + 10 = 0, 0 = 3*d + 5*q - 6. Suppose 0 = 2*p + w, -44 = -3*m - 0*p + d*p. What is the units digit of m?
2
Let t(s) = 13*s - 5. Let k be t(3). Suppose 464 - k = 5*z. What is the tens digit of z?
8
Let m(o) = 281*o - 38. What is the tens digit of m(5)?
6
Suppose -3*h - 540 = -3870. What is the units digit of ((-4)/6)/((-20)/h)?
7
Suppose -162*d = -160*d - 2010. What is the hundreds digit of d?
0
Let x(d) = -d**3 - 7*d**2 - 5*d - 26. Let t be x(-7). What is the hundreds digit of (-463)/(-4) + t/36?
1
Suppose 2 = -d - d. Let v(q) = -3*q**3 + 2*q**2 + 2*q + 1. Let a be v(d). Suppose -4*l - 3*r + 152 = 0, -4*r = -a*l + l + 89. What is the units digit of l?
5
Let t(y) = y + 16 + 2*y + 10 + 30. What is the tens digit of t(0)?
5
Let l(p) = p - 1. Let f(m) = 7*m - 16. Let z(a) = -f(a) + 3*l(a). Let y be z(6). Let q = y - -17. What is the units digit of q?
6
Let j be 1*(-1 + 255 - -3). Let l = j - 170. Suppose -16 = -4*b, -l - 8 = -5*x - 5*b. What is the units digit of x?
5
Suppose 5*z + h = 7, -8*z - 3*h + 1 = -3*z. Suppose -5*g - 4*b = -348, 40 + 107 = z*g - b. What is the units digit of g?
2
Suppose -4*u = -m - 0*u + 68, 2*u = 2*m - 154. Suppose 311 = 3*h - 5*k - m, -8 = 4*k. What is the hundreds digit of h?
1
Suppose -4*a - a = f - 14, 3*f = -3*a + 18. What is the tens digit of a + (-2 - 3)*-13?
6
Suppose -32 = 2*l + 16. Suppose -79*m + 76 = -77*m. Let h = m + l. What is the tens digit of h?
1
Let g(j) = -j + 3. Let t be g(-6). Suppose 3*q + x = 4*q - 9, 0 = q - 4*x - t. What is the tens digit of q/(-18)*(-81 + -1)?
4
Suppose 21*t = 11*t + 5380. What is the units digit of t?
8
Let j(o) = -o**2 - 6*o - 4. Let k be j(-4). Let t be (10/k)/(8/(-16)). Let v = 11 - t. What is the tens digit of v?
1
Let l = -54 - -87. Let v = 7 + l. What is the tens digit of v?
4
Suppose s + r = -3, -s - r = 2*r + 9. Suppose -d - 2*d + c = -287, -d + c + 97 = s. What is the units digit of d?
5
Let g(r) = 3662*r - 16. What is the units digit of g(1)?
6
Let u(n) = 15*n - 10*n + n + 21 + n + 3*n**2. What is the tens digit of u(-9)?
0
Suppose 4*b = 5*i - 13409, 3*i + 3*b - 340 = 7700. What is the tens digit of i?
8
Suppose -4*u + 38 - 14 = 0. Let g be u + -5 + 5*20. Suppose -g = -3*a - 4*d, d - 2*d = 4*a - 139. What is the tens digit of a?
3
Suppose -103*n + 3887 = -90*n. What is the tens digit of n?
9
Let d be 2/(3/6*1). Suppose 181 = d*z + 5*x, 4*z + 0*x - 199 = x. What is the tens digit of z?
4
Let y = -103 - -152. Suppose -3*v - v + 46 = -2*o, y = 4*v - 5*o. What is the units digit of v?
1
Let p(u) = 2*u**2 + u + 4. Suppose 3*b + 2 = a - 4, -8 = -5*a + 4*b. What is the units digit of p(a)?
4
Let y = -284 + 404. Let o = -6 - -13. Suppose o*r + y = 10*r. What is the units digit of r?
0
Let o be (7 - 4) + 3 - 1. Suppose 101 = o*s - 54. What is the units digit of s?
1
Suppose 12*g - 3939 - 1485 = 0. What is the units digit of g?
2
Suppose 2*h = -2*h. Suppose -5*o + 3*u + 82 = h, u + 1 + 3 = 0. Suppose -2*p - 6 + o = 0. What is the units digit of p?
4
Suppose -4*c + 173 = p + 25, 148 = p - 5*c. Let r = p - 258. Let w = -67 - r. What is the units digit of w?
3
Let h be 2/7 - 130/(-35). Let u(r) be the third derivative of -r**5/60 + r**4/4 - r**3 + 6*r**2. What is the units digit of u(h)?
2
Suppose -14211 - 1684 = -17*z. What is the units digit of z?
5
Let h(v) be the third derivative of v**6/120 + v**5/12 - v**4/6 + 2*v**3/3 + 3*v**2. What is the tens digit of h(3)?
6
Let o(w) = -26*w + 25. Let c be o(7). Let a = c + 222. What is the tens digit of a?
6
Suppose 0 = 2*s - 5*h - 15, 0 = 2*s + 5*h - 7 + 2. Suppose -o - 8 + s = 0. What is the tens digit of (58/4)/(o/(-12))?
5
Let t(y) = -y**2 + 19*y + 200. What is the tens digit of t(-7)?
1
Let w(k) = 2*k**2 - 10*k - 11. Let d be w(-14). Suppose 3*l - d = -182. What is the tens digit of l?
1
Let n(z) = 5*z**2 + 40*z + 271. What is the hundreds digit of n(-9)?
3
Suppose -858 + 111 = -3*x. Suppose 11*h = x + 1060. What is the hundreds digit of h?
1
Suppose 6*h - 3*h = -21. Let g(r) = -r**2 - 7*r + 1. Let v be g(h). Suppose -2*q = -1 - v. What is the units digit of q?
1
Let p(h) = 5*h + 115. Let z be p(-18). Suppose 3*v + 2*n = -n + 27, -16 = -4*v + n. Suppose -5*a + 105 = v*k, k + a - z = 2*a. What is the tens digit of k?
2
Let b be (0 + 3)*8/6. Suppose -12 = -b*m + m. Suppose -m*y - 2*d = -114, -4*y - 5*d = -5*y + 1. What is the tens digit of y?
2
Let t = 43 - 33. Suppose 3*l = -5*i + 4*l + 14, 3*i - l - t = 0. Suppose i*h + 235 = 7*h. What is the tens digit of h?
4
Let t(x) = 20 - 14*x + 7 + 10*x + 15*x. What is the tens digit of t(7)?
0
Let b = -17 + 38. Let v = -19 + b. Suppose 3*l - 95 = 5*t, 3*l = -v*t + t + 71. What is the tens digit of l?
2
Let f = 11 - 9. Let b be (-3)/f*(-16)/6. Suppose b*j = -0*j + 160. What is the units digit of j?
0
Let x(u) = -u**2 + 1. Let f(i) = -28*i**2 + 2*i + 4. Let m(j) = -f(j) + 5*x(j). Let q = -44 + 45. What is the units digit of m(q)?
2
Let w(p) = -p**3 + 8*p**2 - 9*p + 6. Let g be w(7). Let r be (-12)/4 + 1 + 1. What is the units digit of ((-3)/(-2))/r*g?
2
Suppose -8 = -5*n + 7. Let m(b) = 7 - b**2 + b - 7*b + n*b**2 - b**2. What is the units digit of m(7)?
4
Let w = 1122 - -1637. What is the thousands digit of w?
2
Suppose 5*t - 2995 = -2*j, -7*t + 6050 = 4*j - 9*t. What is the hundreds digit of j?
5
Let o(h) = -h**2 + 14*h + 47. Let y be o(19). Let b = 312 + y. What is the units digit of b?
4
Suppose -3*n + 4*c + 72 = -80, -n = 4*c - 72. Suppose -z = 2*i - 90, -n = -i + 3*z - 11. Let l = i + -24. What is the tens digit of l?
2
Suppose 21 = -4*b + 4*s - 19, -5*s = -25. Let g(i) = -i - 1. Let j be g(b). Suppose 4*p - j*x - 64 = p, 5*x = -5*p + 165. What is the tens digit of p?
2
Let i = -20 - -24. Suppose -d - d = i*y - 18, 15 = 5*y. Suppose d*g - 39 = -5*l, 2*g - 3 = 3. What is the units digit of l?
6
Suppose -21000 = -39*y + 27*y. What is the tens digit of y?
5
Let a be -3 + 5 + -3 - 2/(-2). Suppose a*c = -2*c + 10. What is the units digit of c?
5
Let m be -1*(1 + 0) - -1. Suppose 5*l - 4 - 6 = m. Suppose 0 = l*f - 2*b - 40, 0 = 4*f + 2*b + 42 - 134. What is the tens digit of f?
2
Suppose -4*i + 3644 = -4*z, -4*i + 3*z + 3634 = 4*z. What is the tens digit of i?
0
Suppose 0 = 2*o + 4, 6*r - 5*o - 6540 = 4*r. What is the tens digit of r?
6
Suppose -8*j + 69 = -891. Suppose 1 + 3 = -r, y - 5*r = -65. Let l = y + j. What is the units digit of l?
5
Let p be 1/((-5)/(-2) + 2 + -5). What is the units digit of (-1 - p)/((-3)/(-201))?
7
Suppose -j - 7*j - 112 = 0. Let i = j + 63. What is the tens digit of i?
4
Suppose 604*b = 615*b - 23980. What is the hundreds digit of b?
1
Let r be (1 - 0)/(1 + 0). Let x be (0 - -2)*(r + 0). Suppose -x*h + 4*h = 2. What is the units digit of h?
1
Let d(w) = 47*w. Suppose -3*s - 5 = -8. What is the units digit of d(s)?
7
Let m = 4174 + -2667. What is the hundreds digit of m?
5
Let k(u) = 7*u**2 - 2*u + 5. Let i = -39 - -35. What is the tens digit of k(i)?
2
Let t(p) = 9*p**3 - p**2 + 2*p + 4. What is the tens digit of t(3)?
4
Let m(b) = 95*b**3 + 3*b**2 - 10*b + 5. What is the hundreds digit of m(2)?
7
Let v(x) be the third derivative of x**5/60 + x**4/2 + 5*x**3/6 - 10*x**2. Suppose 3*j + 4*g + 31 = 0, -3*g + 5*g - 43 = 3*j. What is the tens digit of v(j)?
1
Suppose -5*b - 20 = 0, -3*s + 443 = -0*b + b. What is the hundreds digit of s?
1
What is the hundreds digit of (-2001)/(-46)*92/6?
6
Let m(o) = -o + 12. Let v be m(-4). Let s(h) = -h**3 + 17*h**2 - 9*h - 18. What is the units digit of s(v)?
4
Suppose -4*z - 9 = -z, 0 = 4*t - z - 3. Suppose -3*u + 12*u - 288 = t. What is the tens digit of u?
3
Suppose 0*o + 2*o = -4*g - 54, 0 = -g - 4*o - 17. Let f = -15 - -55. Let z = g + f. What is the tens digit of z?
2
Suppose -4*x + 5227 = -2*b - 3507, b = x - 2182. What is the tens digit of x?
8
Suppose 4*d = -d. Suppose 4*k - x + 17 = 0, -k = -2*x + 14 - 1. What is the units digit of d - (20/(-2) + k)?
3
Let z = 1862 - 787. What is the units digit of z?
5
Suppose -a + 0*a + 3*u + 18 = 0, a - 5*u - 20 = 0. What is the hundreds digit of 6588/30 - (-3 - (-39)/a)?
2
Let n(z) be t